st the prime factors of 804067.
11, 67, 1091
List the prime factors of 2560900.
2, 5, 25609
What are the prime factors of 486776?
2, 71, 857
List the prime factors of 319248.
2, 3, 739
What are the prime factors of 1977996?
2, 3, 191, 863
List the prime factors of 1266416.
2, 79151
What are the prime factors of 7767932?
2, 1941983
What are the prime factors of 28490?
2, 5, 7, 11, 37
What are the prime factors of 1807476?
2, 3, 11, 13693
List the prime factors of 11893544.
2, 13, 19, 463
What are the prime factors of 14688830?
2, 5, 13, 103, 1097
What are the prime factors of 14072?
2, 1759
List the prime factors of 8654644.
2, 29, 74609
List the prime factors of 1576396.
2, 394099
What are the prime factors of 12456092?
2, 11, 283093
List the prime factors of 239352.
2, 3, 9973
List the prime factors of 8550965.
5, 1710193
List the prime factors of 8924965.
5, 7, 19, 13421
What are the prime factors of 374825?
5, 11, 29, 47
List the prime factors of 879394.
2, 439697
What are the prime factors of 612354?
2, 3, 102059
List the prime factors of 1979944.
2, 37, 6689
List the prime factors of 286117.
13, 1693
What are the prime factors of 25966925?
5, 887, 1171
What are the prime factors of 2837209?
2837209
List the prime factors of 712726.
2, 7, 50909
What are the prime factors of 2726620?
2, 5, 13, 10487
What are the prime factors of 1181516?
2, 7, 42197
What are the prime factors of 34775340?
2, 3, 5, 83, 6983
List the prime factors of 23501085.
3, 5, 1566739
What are the prime factors of 1295380?
2, 5, 239, 271
List the prime factors of 935.
5, 11, 17
List the prime factors of 23749.
11, 17, 127
List the prime factors of 17170164.
2, 3, 11, 97, 149
What are the prime factors of 11011728?
2, 3, 7, 13, 2521
List the prime factors of 2560417.
2560417
List the prime factors of 5613744.
2, 3, 116953
List the prime factors of 576390.
2, 3, 5, 19213
What are the prime factors of 10344576?
2, 3, 11, 31, 79
What are the prime factors of 3778939?
3778939
List the prime factors of 9378475.
5, 17, 22067
What are the prime factors of 1764250?
2, 5, 7057
List the prime factors of 291050.
2, 5, 5821
What are the prime factors of 584299?
617, 947
What are the prime factors of 105558?
2, 3, 73, 241
What are the prime factors of 3333415?
5, 666683
What are the prime factors of 211869?
3, 7, 19, 59
List the prime factors of 558922.
2, 7, 13, 37, 83
What are the prime factors of 5567361?
3, 19, 97673
What are the prime factors of 194851?
29, 6719
List the prime factors of 1006863.
3, 11, 13, 2347
What are the prime factors of 349675?
5, 71, 197
List the prime factors of 3019927.
31, 61, 1597
List the prime factors of 2231787.
3, 83, 8963
List the prime factors of 10762217.
941, 11437
What are the prime factors of 930970?
2, 5, 93097
List the prime factors of 7036167.
3, 61, 38449
What are the prime factors of 894893?
894893
List the prime factors of 13945295.
5, 7, 13, 30649
List the prime factors of 686159.
23, 29833
What are the prime factors of 278010?
2, 3, 5, 3089
What are the prime factors of 24598197?
3, 13, 210241
What are the prime factors of 547200?
2, 3, 5, 19
List the prime factors of 184903.
184903
What are the prime factors of 211844?
2, 211, 251
What are the prime factors of 1086347?
1086347
What are the prime factors of 589285?
5, 19, 6203
What are the prime factors of 22406?
2, 17, 659
What are the prime factors of 29300707?
17, 37, 1259
What are the prime factors of 336150?
2, 3, 5, 83
List the prime factors of 154715.
5, 11, 29, 97
List the prime factors of 2934887.
29, 101203
What are the prime factors of 959430?
2, 3, 5, 31981
List the prime factors of 4881473.
4881473
List the prime factors of 252616.
2, 7, 13, 347
What are the prime factors of 12199814?
2, 11, 367, 1511
List the prime factors of 2428448.
2, 11, 6899
What are the prime factors of 146282?
2, 73141
What are the prime factors of 696640?
2, 5, 7, 311
List the prime factors of 12050981.
53, 227377
List the prime factors of 8237423.
263, 31321
List the prime factors of 262078.
2, 59, 2221
What are the prime factors of 1633240?
2, 5, 7, 19, 307
What are the prime factors of 81035?
5, 19, 853
What are the prime factors of 188201?
13, 31, 467
What are the prime factors of 7108671?
3, 2369557
What are the prime factors of 862622?
2, 431311
List the prime factors of 655383.
3, 218461
What are the prime factors of 9010217?
367, 24551
List the prime factors of 971574.
2, 3, 113, 1433
List the prime factors of 8497628.
2, 167, 12721
List the prime factors of 1126330.
2, 5, 163, 691
List the prime factors of 87413.
61, 1433
What are the prime factors of 18813?
3, 6271
What are the prime factors of 2157377?
23, 97, 967
List the prime factors of 4544828.
2, 307, 3701
List the prime factors of 30540220.
2, 5, 19, 80369
List the prime factors of 85318.
2, 29, 1471
What are the prime factors of 1260289?
19, 113, 587
List the prime factors of 19164006.
2, 3, 367, 967
What are the prime factors of 2866485?
3, 5, 191099
What are the prime factors of 487868?
2, 121967
List the prime factors of 14283410.
2, 5, 971, 1471
What are the prime factors of 657460?
2, 5, 71, 463
List the prime factors of 1723726.
2, 109, 7907
What are the prime factors of 12651109?
83, 152423
What are the prime factors of 2236948?
2, 7, 101, 113
What are the prime factors of 550644?
2, 3, 45887
What are the prime factors of 11659080?
2, 3, 5, 97159
What are the prime factors of 10088892?
2, 3, 11, 73, 349
What are the prime factors of 218194?
2, 109097
What are the prime factors of 14861616?
2, 3, 7, 11, 4021
What are the prime factors of 10959526?
2, 17, 322339
What are the prime factors of 59185?
5, 7, 19, 89
List the prime factors of 215736.
2, 3, 89, 101
What are the prime factors of 242668?
2, 19, 31, 103
List the prime factors of 11861974.
2, 23, 257869
List the prime factors of 11380695.
3, 5, 758713
List the prime factors of 374160.
2, 3, 5, 1559
What are the prime factors of 2535946?
2, 7, 113, 229
What are the prime factors of 381392?
2, 11, 197
What are the prime factors of 34030?
2, 5, 41, 83
What are the prime factors of 7548587?
7548587
What are the prime factors of 130479?
3, 23, 31, 61
What are the prime factors of 154608?
2, 3, 3221
List the prime factors of 1811667.
3, 11, 13, 41, 103
What are the prime factors of 2261357?
7, 17, 31, 613
List the prime factors of 6225810.
2, 3, 5, 139, 1493
List the prime factors of 2524108.
2, 131, 4817
List the prime factors of 13593592.
2, 953, 1783
List the prime factors of 11789108.
2, 53, 55609
What are the prime factors of 218589?
3, 7, 1487
List the prime factors of 88511.
61, 1451
List the prime factors of 16819028.
2, 19, 221303
List the prime factors of 249304.
2, 11, 2833
What are the prime factors of 2146446?
2, 3, 39749
What are the prime factors of 37241?
167, 223
List the prime factors of 12534404.
2, 89, 137, 257
What are the prime factors of 12960?
2, 3, 5
What are the prime factors of 3170823?
3, 17, 79, 787
What are the prime factors of 13119754?
2, 41, 193, 829
What are the prime factors of 617869?
7, 61, 1447
What are the prime factors of 183420?
2, 3, 5, 1019
List the prime factors of 4771.
13, 367
What are the prime factors of 19299125?
5, 181, 853
What are the prime factors of 1204976?
2, 127, 593
List the prime factors of 592475.
5, 13, 1823
What are the prime factors of 461851?
13, 35527
What are the prime factors of 7141560?
2, 3, 5, 59513
List the prime factors of 3192486.
2, 3, 11, 48371
List the prime factors of 2802310.
2, 5, 7, 19, 43
List the prime factors of 147283.
147283
List the prime factors of 359287.
53, 6779
What are the prime factors of 93474?
2, 3, 577
What are the prime factors of 3136971?
3, 37, 59, 479
List the prime factors of 651001.
13, 50077
What are the prime factors of 636305?
5, 127261
List the prime factors of 539924.
2, 7, 11, 1753
List the prime factors of 180963.
3, 20107
What are the prime factors of 1072928?
2, 33529
List the prime factors of 538139.
7, 59, 1303
What are the prime factors of 228240?
2, 3, 5, 317
List the prime factors of 34076837.
34076837
What are the prime factors of 1000462?
2, 500231
List the prime factors of 68720.
2, 5, 859
What are the prime factors of 503711?
13, 38747
List the prime 